{"id":95,"date":"2025-04-15T08:43:19","date_gmt":"2025-04-15T11:43:19","guid":{"rendered":"https:\/\/sergipebahia.com.br\/wordpress\/?page_id=95"},"modified":"2025-04-15T09:07:21","modified_gmt":"2025-04-15T12:07:21","slug":"noticias","status":"publish","type":"page","link":"https:\/\/sergipebahia.com.br\/wordpress\/index.php\/noticias\/","title":{"rendered":"Not\u00edcias"},"content":{"rendered":"\n<div class=\"wp-block-query is-layout-flow wp-block-query-is-layout-flow\"><ul class=\"wp-block-post-template has-small-font-size is-layout-flow wp-block-post-template-is-layout-flow\"><li class=\"wp-block-post post-415 post type-post status-publish format-standard has-post-thumbnail hentry category-uncategorized\">\n\n<div class=\"wp-block-columns alignwide is-layout-flex wp-container-core-columns-is-layout-28f84493 wp-block-columns-is-layout-flex\">\n<div class=\"wp-block-column is-layout-flow wp-block-column-is-layout-flow\" style=\"flex-basis:66.66%\"><figure style=\"aspect-ratio:1;\" class=\"wp-block-post-featured-image\"><a href=\"https:\/\/sergipebahia.com.br\/wordpress\/index.php\/2025\/12\/24\/filme-oficial-da-3a-reseba\/\" target=\"_self\"  ><img loading=\"lazy\" decoding=\"async\" width=\"1800\" height=\"1200\" src=\"https:\/\/sergipebahia.com.br\/wordpress\/wp-content\/uploads\/2025\/11\/IMG_8414-Atitude-Baixa.jpg\" class=\"attachment-post-thumbnail size-post-thumbnail wp-post-image\" alt=\"Filme Oficial da 3\u00aa RESEBA\" style=\"width:100%;height:100%;object-fit:cover;\" srcset=\"https:\/\/sergipebahia.com.br\/wordpress\/wp-content\/uploads\/2025\/11\/IMG_8414-Atitude-Baixa.jpg 1800w, https:\/\/sergipebahia.com.br\/wordpress\/wp-content\/uploads\/2025\/11\/IMG_8414-Atitude-Baixa-300x200.jpg 300w, https:\/\/sergipebahia.com.br\/wordpress\/wp-content\/uploads\/2025\/11\/IMG_8414-Atitude-Baixa-1024x683.jpg 1024w, https:\/\/sergipebahia.com.br\/wordpress\/wp-content\/uploads\/2025\/11\/IMG_8414-Atitude-Baixa-768x512.jpg 768w, https:\/\/sergipebahia.com.br\/wordpress\/wp-content\/uploads\/2025\/11\/IMG_8414-Atitude-Baixa-1536x1024.jpg 1536w\" sizes=\"auto, (max-width: 1800px) 100vw, 1800px\" \/><\/a><\/figure><\/div>\n\n\n\n<div class=\"wp-block-column is-layout-flow wp-block-column-is-layout-flow\" style=\"flex-basis:33.33%\"><h2 class=\"has-link-color wp-elements-bfaf4fc266875633d1684daa6f66addd wp-block-post-title has-large-font-size\"><a href=\"https:\/\/sergipebahia.com.br\/wordpress\/index.php\/2025\/12\/24\/filme-oficial-da-3a-reseba\/\" target=\"_self\" >Filme Oficial da 3\u00aa RESEBA<\/a><\/h2>\n\n<div style=\"font-size:0.7rem;\" class=\"wp-block-post-excerpt\"><p class=\"wp-block-post-excerpt__excerpt\">Confira o filme\/document\u00e1rio da 3\u00aa edi\u00e7\u00e3o da Regata Sergipe Bahia A RESEBA de 2025 foi hist\u00f3rica e deixou muitas recorda\u00e7\u00f5es de momentos sensacionais em Aracaju e Salvador! Mais de 30 veleiros inscritos, vindos de 8 estados, reuniram velejadores e velejadoras para este grande evento da vela nacional. A terceira edi\u00e7\u00e3o da regata homenageou o Vice-Almirante&hellip; <\/p><\/div><\/div>\n<\/div>\n\n<\/li><li class=\"wp-block-post post-337 post type-post status-publish format-standard has-post-thumbnail hentry category-noticias tag-almirante-cambra tag-aratu-iate-clube tag-barlavento tag-fernando-de-noronha tag-icaju tag-marinha-do-brasil tag-refeno tag-refeno-reseba tag-regata tag-regata-sergipe-bahia tag-reseba tag-sail tag-sailing tag-sergipebahia\">\n\n<div class=\"wp-block-columns alignwide is-layout-flex wp-container-core-columns-is-layout-28f84493 wp-block-columns-is-layout-flex\">\n<div class=\"wp-block-column is-layout-flow wp-block-column-is-layout-flow\" style=\"flex-basis:66.66%\"><figure style=\"aspect-ratio:1;\" class=\"wp-block-post-featured-image\"><a href=\"https:\/\/sergipebahia.com.br\/wordpress\/index.php\/2025\/07\/24\/parceria-refeno-e-reseba-marca-o-calendario-da-vela-nacional\/\" target=\"_self\"  ><img loading=\"lazy\" decoding=\"async\" width=\"1080\" height=\"1350\" src=\"https:\/\/sergipebahia.com.br\/wordpress\/wp-content\/uploads\/2025\/07\/Post_Reseba-Refeno.png\" class=\"attachment-post-thumbnail size-post-thumbnail wp-post-image\" alt=\"Parceria REFENO e RESEBA marca o calend\u00e1rio da vela nacional.\" style=\"width:100%;height:100%;object-fit:cover;\" srcset=\"https:\/\/sergipebahia.com.br\/wordpress\/wp-content\/uploads\/2025\/07\/Post_Reseba-Refeno.png 1080w, https:\/\/sergipebahia.com.br\/wordpress\/wp-content\/uploads\/2025\/07\/Post_Reseba-Refeno-240x300.png 240w, https:\/\/sergipebahia.com.br\/wordpress\/wp-content\/uploads\/2025\/07\/Post_Reseba-Refeno-819x1024.png 819w, https:\/\/sergipebahia.com.br\/wordpress\/wp-content\/uploads\/2025\/07\/Post_Reseba-Refeno-768x960.png 768w\" sizes=\"auto, (max-width: 1080px) 100vw, 1080px\" \/><\/a><\/figure><\/div>\n\n\n\n<div class=\"wp-block-column is-layout-flow wp-block-column-is-layout-flow\" style=\"flex-basis:33.33%\"><h2 class=\"has-link-color wp-elements-bfaf4fc266875633d1684daa6f66addd wp-block-post-title has-large-font-size\"><a href=\"https:\/\/sergipebahia.com.br\/wordpress\/index.php\/2025\/07\/24\/parceria-refeno-e-reseba-marca-o-calendario-da-vela-nacional\/\" target=\"_self\" >Parceria REFENO e RESEBA marca o calend\u00e1rio da vela nacional.<\/a><\/h2>\n\n<div style=\"font-size:0.7rem;\" class=\"wp-block-post-excerpt\"><p class=\"wp-block-post-excerpt__excerpt\">Velejadores inscritos na maior regata de oceano do Brasil, a REFENO (Regata Recife &#8211; Fernando de Noronha) ter\u00e3o benef\u00edcios e vantagens para participarem da RESEBA &#8211; Regata Sergipe Bahia. Ver Fernando de Noronha surgindo pela proa \u00e9 um privil\u00e9gio de velejadores e velejadoras que participam da REFENO. Em 2025, essa jornada ter\u00e1 novas etapas, passando&hellip; <\/p><\/div><\/div>\n<\/div>\n\n<\/li><li class=\"wp-block-post post-322 post type-post status-publish format-standard has-post-thumbnail hentry category-avisos category-noticias tag-3a-reseba tag-almirante-cambra tag-aratu-iate-clube tag-barlavento-vela tag-fundeio tag-icaju tag-marinha-do-brasil tag-regata tag-regata-sergipe-bahia tag-reseba tag-sail tag-sailing tag-sergipebahia tag-sourio\">\n\n<div class=\"wp-block-columns alignwide is-layout-flex wp-container-core-columns-is-layout-28f84493 wp-block-columns-is-layout-flex\">\n<div class=\"wp-block-column is-layout-flow wp-block-column-is-layout-flow\" style=\"flex-basis:66.66%\"><figure style=\"aspect-ratio:1;\" class=\"wp-block-post-featured-image\"><a href=\"https:\/\/sergipebahia.com.br\/wordpress\/index.php\/2025\/07\/14\/45-dias-de-fundeio-para-veleiros-inscritos\/\" target=\"_self\"  ><img loading=\"lazy\" decoding=\"async\" width=\"892\" height=\"1125\" src=\"https:\/\/sergipebahia.com.br\/wordpress\/wp-content\/uploads\/2025\/07\/WhatsApp-Image-2025-07-10-at-08.29.25.jpeg\" class=\"attachment-post-thumbnail size-post-thumbnail wp-post-image\" alt=\"45 Dias de Fundeio para veleiros inscritos!\" style=\"width:100%;height:100%;object-fit:cover;\" srcset=\"https:\/\/sergipebahia.com.br\/wordpress\/wp-content\/uploads\/2025\/07\/WhatsApp-Image-2025-07-10-at-08.29.25.jpeg 892w, https:\/\/sergipebahia.com.br\/wordpress\/wp-content\/uploads\/2025\/07\/WhatsApp-Image-2025-07-10-at-08.29.25-238x300.jpeg 238w, https:\/\/sergipebahia.com.br\/wordpress\/wp-content\/uploads\/2025\/07\/WhatsApp-Image-2025-07-10-at-08.29.25-812x1024.jpeg 812w, https:\/\/sergipebahia.com.br\/wordpress\/wp-content\/uploads\/2025\/07\/WhatsApp-Image-2025-07-10-at-08.29.25-768x969.jpeg 768w\" sizes=\"auto, (max-width: 892px) 100vw, 892px\" \/><\/a><\/figure><\/div>\n\n\n\n<div class=\"wp-block-column is-layout-flow wp-block-column-is-layout-flow\" style=\"flex-basis:33.33%\"><h2 class=\"has-link-color wp-elements-bfaf4fc266875633d1684daa6f66addd wp-block-post-title has-large-font-size\"><a href=\"https:\/\/sergipebahia.com.br\/wordpress\/index.php\/2025\/07\/14\/45-dias-de-fundeio-para-veleiros-inscritos\/\" target=\"_self\" >45 Dias de Fundeio para veleiros inscritos!<\/a><\/h2>\n\n<div style=\"font-size:0.7rem;\" class=\"wp-block-post-excerpt\"><p class=\"wp-block-post-excerpt__excerpt\">Vale muito a pena participar da RESEBA! Voc\u00ea deve ter pensado no prazer de velejar pelo litoral de Sergipe e da Bahia com vento pelo trav\u00e9s, mas a RESEBA tem muito mais benef\u00edcios para os inscritos! 45 DIAS DE FUNDEIO livre de taxas, com acesso a estrutura e apoio de grandes clubes da vela nacional:&hellip; <\/p><\/div><\/div>\n<\/div>\n\n<\/li><\/ul><\/div>\n","protected":false},"excerpt":{"rendered":"","protected":false},"author":2,"featured_media":0,"parent":0,"menu_order":0,"comment_status":"closed","ping_status":"closed","template":"","meta":{"footnotes":""},"class_list":["post-95","page","type-page","status-publish","hentry"],"_links":{"self":[{"href":"https:\/\/sergipebahia.com.br\/wordpress\/index.php\/wp-json\/wp\/v2\/pages\/95","targetHints":{"allow":["GET"]}}],"collection":[{"href":"https:\/\/sergipebahia.com.br\/wordpress\/index.php\/wp-json\/wp\/v2\/pages"}],"about":[{"href":"https:\/\/sergipebahia.com.br\/wordpress\/index.php\/wp-json\/wp\/v2\/types\/page"}],"author":[{"embeddable":true,"href":"https:\/\/sergipebahia.com.br\/wordpress\/index.php\/wp-json\/wp\/v2\/users\/2"}],"replies":[{"embeddable":true,"href":"https:\/\/sergipebahia.com.br\/wordpress\/index.php\/wp-json\/wp\/v2\/comments?post=95"}],"version-history":[{"count":4,"href":"https:\/\/sergipebahia.com.br\/wordpress\/index.php\/wp-json\/wp\/v2\/pages\/95\/revisions"}],"predecessor-version":[{"id":118,"href":"https:\/\/sergipebahia.com.br\/wordpress\/index.php\/wp-json\/wp\/v2\/pages\/95\/revisions\/118"}],"wp:attachment":[{"href":"https:\/\/sergipebahia.com.br\/wordpress\/index.php\/wp-json\/wp\/v2\/media?parent=95"}],"curies":[{"name":"wp","href":"https:\/\/api.w.org\/{rel}","templated":true}]}}